base 7) to base 10
-2
Convert 3 (base 10) to base 12.
3
-40 (base 14) to base 13
-44
What is -82 (base 9) in base 10?
-74
-8 (base 15) to base 9
-8
14 (base 16) to base 9
22
What is 230 (base 5) in base 6?
145
Convert 44 (base 12) to base 4.
310
What is 41 (base 8) in base 14?
25
-4 (base 8) to base 11
-4
Convert -17 (base 14) to base 5.
-41
What is -10 (base 3) in base 16?
-3
Convert b (base 14) to base 4.
23
What is 0 (base 16) in base 14?
0
-ad (base 16) to base 4
-2231
Convert 32 (base 4) to base 13.
11
What is 58 (base 11) in base 14?
47
Convert 1 (base 5) to base 2.
1
46 (base 13) to base 7
112
Convert 6 (base 8) to base 6.
10
17 (base 8) to base 12
13
Convert -51 (base 12) to base 13.
-49
What is 4 (base 5) in base 14?
4
Convert -106 (base 9) to base 11.
-7a
What is 42 (base 8) in base 10?
34
What is 125 (base 7) in base 15?
48
What is 3 (base 8) in base 2?
11
What is 3 (base 16) in base 13?
3
Convert -10 (base 4) to base 16.
-4
Convert 3 (base 10) to base 6.
3
Convert 1c (base 16) to base 3.
1001
2 (base 7) to base 5
2
2221 (base 3) to base 12
67
Convert -122 (base 3) to base 9.
-18
19 (base 16) to base 9
27
What is 0 (base 12) in base 3?
0
2 (base 9) to base 3
2
-2 (base 16) to base 2
-10
1011 (base 2) to base 13
b
Convert -108 (base 13) to base 7.
-342
Convert -1001 (base 2) to base 12.
-9
-63 (base 8) to base 10
-51
Convert 403 (base 5) to base 8.
147
Convert -421 (base 5) to base 16.
-6f
Convert -5 (base 14) to base 9.
-5
What is 133 (base 6) in base 13?
45
-11111 (base 2) to base 4
-133
Convert -36 (base 15) to base 12.
-43
Convert -87 (base 15) to base 6.
-331
Convert 1 (base 8) to base 7.
1
Convert 3 (base 14) to base 6.
3
Convert 34 (base 9) to base 6.
51
What is 1 (base 15) in base 4?
1
Convert 0 (base 5) to base 10.
0
What is -74 (base 9) in base 12?
-57
5 (base 12) to base 15
5
-100 (base 3) to base 6
-13
What is 150 (base 7) in base 14?
60
What is -2 (base 10) in base 8?
-2
Convert -2221 (base 4) to base 3.
-20021
-111 (base 3) to base 4
-31
What is -3 (base 5) in base 6?
-3
-11 (base 14) to base 9
-16
What is -28 (base 10) in base 7?
-40
What is -6 (base 14) in base 15?
-6
-11 (base 5) to base 9
-6
-11 (base 2) to base 12
-3
What is 5 (base 8) in base 15?
5
-2031 (base 4) to base 15
-96
Convert 187 (base 11) to base 3.
22000
What is 11 (base 2) in base 10?
3
-3 (base 15) to base 10
-3
What is -10 (base 5) in base 11?
-5
What is b (base 16) in base 15?
b
-49 (base 16) to base 13
-58
-21 (base 9) to base 8
-23
6 (base 7) to base 11
6
Convert -2 (base 6) to base 2.
-10
-22 (base 9) to base 11
-19
-83 (base 16) to base 8
-203
-4 (base 6) to base 14
-4
1 (base 4) to base 11
1
Convert 25 (base 15) to base 13.
29
53 (base 10) to base 6
125
Convert 6 (base 13) to base 5.
11
Convert -5 (base 12) to base 10.
-5
What is 23 (base 10) in base 13?
1a
Convert 11 (base 4) to base 14.
5
-6 (base 9) to base 16
-6
-7 (base 15) to base 2
-111
What is -202 (base 9) in base 14?
-ba
Convert -15 (base 14) to base 12.
-17
14 (base 12) to base 13
13
Convert 71 (base 9) to base 16.
40
What is 12 (base 15) in base 10?
17
Convert -101 (base 3) to base 11.
-a
Convert 15 (base 14) to base 15.
14
Convert 10 (base 13) to base 15.
d
Convert 224 (base 9) to base 14.
d2
What is 10 (base 8) in base 10?
8
What is 104 (base 11) in base 10?
125
-2 (base 7) to base 4
-2
1 (base 8) to base 10
1
Convert 11 (base 2) to base 15.
3
Convert -4 (base 7) to base 2.
-100
121 (base 3) to base 9
17
Convert -6 (base 16) to base 7.
-6
Convert 2 (base 10) to base 13.
2
Convert 21 (base 3) to base 13.
7
0 (base 6) to base 15
0
1010 (base 2) to base 7
13
Convert 18 (base 14) to base 12.
1a
What is 67 (base 15) in base 3?
10121
What is -422 (base 5) in base 12?
-94
What is -102010 (base 3) in base 7?
-606
What is -3 (base 7) in base 12?
-3
What is -2303 (base 4) in base 11?
-153
What is 60 (base 13) in base 3?
2220
Convert 1 (base 2) to base 14.
1
Convert 0 (base 6) to base 7.
0
3 (base 13) to base 3
10
What is -110010 (base 2) in base 13?
-3b
-14 (base 6) to base 8
-12
Convert -101 (base 4) to base 12.
-15
-2 (base 5) to base 10
-2
3 (base 5) to base 9
3
-36 (base 7) to base 8
-33
What is -11 (base 5) in base 15?
-6
What is 29 (base 14) in base 11?
34
What is 1201 (base 4) in base 12?
81
-111 (base 3) to base 6
-21
Convert -5 (base 8) to base 5.
-10
Convert -7a (base 12) to base 15.
-64
4 (base 8) to base 2
100
What is 5 (base 9) in base 14?
5
0 (base 10) to base 8
0
Convert -47 (base 10) to base 16.
-2f
Convert 2 (base 13) to base 12.
2
Convert -2 (base 3) to base 8.
-2
-15 (base 12) to base 11
-16
What is -10110 (base 2) in base 9?
-24
3 (base 9) to base 7
3
Convert 5 (base 12) to base 11.
5
What is 143 (base 5) in base 3?
1210
-3 (base 13) to base 16
-3
Convert -69 (base 13) to base 2.
-1010111
Convert 52 (base 16) to base 13.
64
Convert -c2 (base 15) to base 8.
-266
What is 2 (base 16) in base 10?
2
bf (base 16) to base 8
277
Convert -49 (base 11) to base 15.
-38
What is -2 (base 8) in base 7?
-2
Convert 3 (base 11) to base 16.
3
a (base 16) to base 14
a
What is 7 (base 15) in base 16?
7
-79 (base 10) to base 2
-1001111
-7 (base 16) to base 7
-10
What is 9 (base 11) in base 13?
9
Convert 10001 (base 2) to base 12.
15
-8 (base 12) to base 11
-8
Convert -c (base 15) to base 11.
-11
What is 30 (base 5) in base 6?
23
1202 (base 6) to base 5
2130
What is -11 (base 2) in base 6?
-3
What is -159 (base 15) in base 14?
-181
Convert -77 (base 14) to base 6.
-253
Convert -4 (base 6) to base 9.
-4
-5b (base 12) to base 14
-51
77 (base 13) to base 3
10122
-11 (base 7) to base 6
-12
Convert 4 (base 15) to base 13.
4
Convert -5 (base 7) to base 14.
-5
What is 501 (base 6) in base 11?
155
Convert 100 (base 4) to base 7.
22
Convert 1 (base 15) to base 9.
1
What is 16 (base 11) in base 16?
11
Convert -15 (base 11) to base 5.
-31
What is -1 (base 13) in base 11?
-1
Convert -6 (base 13) to base 9.
-6
-38 (base 9) to base 7
-50
Convert -13 (base 13) to base 11.
-15
What is -6 (base 7) in base 8?
-6
-1 (base 10) to base 7
-1
145 (base 7) to base 5
312
-7 (base 10) to base 8
-7
What is b8 (base 14) in base 5?
1122
What is 110 (base 2) in base 14?
6
-20 (base 7) to base 16
-e
Convert -4 (base 11) to base 7.
-4
What is -a (base 11) in base 10?
-10
What is -5 (base 15) in base 5?
-10
-5 (base 13) to base 8
-5
Convert -46 (base 15) to base 16.
-42
What is 2 (base 4) in base 10?
2
What is -7 (base 12) in base 7?
-10
Convert 7 (base 13) to base 9.
7
What is -a (base 11) in base 4?
-22
What is 4 (base 10) in base 9?
4
What is -101 (base 3) in base 2?
-1010
What is -1001 (base 2) in base 13?
-9
What is -10 (base 14) in base 10?
-14
3c (base 15) to base 16
39
Convert -2e (base 15) to base 11.
-40
Convert -21 (base 3) to base 9.
-7
Convert -46 (base 11) to base 2.
-110010
-210 (base 6) to base 5
-303
What is 113 (base 6) in base 10?
45
-111 (base 9) to base 13
-70
What is 28 (base 9) in base 13?
20
145 (base 6) to base 15
45
3f (base 16) to base 8
77
What is 110 (base 4) in base 5?
40
What is -8 (base 14) in base 6?
-12
Convert -42 (base 13) to base 10.
-54
Convert 3 (base 16) to base 8.
3
-2 (base 11) to base 14
-2
Convert -240 (base 9) to base 7.
-402
-3 (base 8) to base 2
-11
What is 20 (base 9) in base 8?
22
-2 (base 11) to base 16
-2
What is -9 (base 10) in base 3?
-100
Convert 3 (base 8) to base 2.
11
Convert -3 (base 15) to base 13.
-3
Convert 303 (base 8) to base 2.
11000011
Convert 10 (base 9) to base 8.
11
Convert 3 (base 10) to base 6.
3
Convert 11 (base 2) to base 13.
3
100202 (base 3) to base 8
407
What is -2 (base 8) in base 6?
-2
-101202 (base 3) to base 13
-194
-15 (base 11) to base 4
-100
What is 4 (base 15) in base 7?
4
-116 (base 9) to base 8
-140
-1214 (base 5) to base 2
-10111000
What is -11021 (base 3) in base 6?
-311
Convert -21 (base 4) to base 11.
-9
Convert -136 (base 7) to base 8.
-114
What is -21 (base 4) in base 13?
-9
11 (base 2) to base 11
3
What is 11 (base 8) in base 10?
9
What is 0 (base 12) in base 10?
0
Convert -3 (base 11) to base 10.
-3
What is -333 (base 4) in base 12?
-53
Convert -3 (base 13) to base 7.
-3
What is 5 (base 11) in base 7?
5
Convert 211 (base 6) to base 13.
61
12 (base 5) to base 15
7
Convert -5 (base 10) to base 13.
-5
Convert -82 (base 9) to base 